59921.
37, 409
List the prime factors of 1594272.
2, 3, 16607
List the prime factors of 163516.
2, 40879
What are the prime factors of 5124267?
3, 43, 13241
List the prime factors of 22440.
2, 3, 5, 11, 17
List the prime factors of 1182998.
2, 591499
What are the prime factors of 195145?
5, 31, 1259
What are the prime factors of 141097?
11, 101, 127
What are the prime factors of 4847202?
2, 3, 29921
List the prime factors of 2814234.
2, 3, 23, 20393
List the prime factors of 2019834.
2, 3, 112213
What are the prime factors of 341028?
2, 3, 9473
What are the prime factors of 8297374?
2, 4148687
List the prime factors of 36073.
36073
What are the prime factors of 193201?
193201
What are the prime factors of 9669773?
9669773
List the prime factors of 102445.
5, 7, 2927
List the prime factors of 901083.
3, 67, 4483
What are the prime factors of 2782738?
2, 7, 113, 1759
What are the prime factors of 125194?
2, 62597
List the prime factors of 156789.
3, 5807
List the prime factors of 7796332.
2, 677, 2879
List the prime factors of 21789922.
2, 7, 11, 19, 677
What are the prime factors of 3116318?
2, 83, 18773
What are the prime factors of 7958463?
3, 47, 56443
What are the prime factors of 230485?
5, 31, 1487
What are the prime factors of 53038?
2, 23, 1153
List the prime factors of 18192682.
2, 9096341
List the prime factors of 436332.
2, 3, 13, 2797
What are the prime factors of 731197?
31, 103, 229
List the prime factors of 1885346.
2, 283, 3331
What are the prime factors of 5965932?
2, 3, 7, 71023
List the prime factors of 4804781.
4804781
List the prime factors of 1832984.
2, 229123
List the prime factors of 898625.
5, 7, 13, 79
What are the prime factors of 1181253?
3, 43, 9157
List the prime factors of 152310.
2, 3, 5, 5077
What are the prime factors of 768381?
3, 41, 6247
What are the prime factors of 703799?
103, 6833
List the prime factors of 1673183.
1673183
List the prime factors of 105349.
17, 6197
What are the prime factors of 2425822?
2, 7, 173273
List the prime factors of 160252.
2, 40063
List the prime factors of 291064.
2, 36383
List the prime factors of 108586.
2, 54293
What are the prime factors of 6064239?
3, 977, 2069
What are the prime factors of 75474?
2, 3, 7, 599
What are the prime factors of 12787801?
13, 97, 10141
List the prime factors of 8854.
2, 19, 233
List the prime factors of 3697088.
2, 61, 947
What are the prime factors of 21213301?
401, 52901
What are the prime factors of 287283?
3, 17, 43, 131
List the prime factors of 310307.
61, 5087
List the prime factors of 197220.
2, 3, 5, 19, 173
List the prime factors of 287923.
499, 577
List the prime factors of 12218047.
3433, 3559
List the prime factors of 9099030.
2, 3, 5, 23, 13187
What are the prime factors of 2185380?
2, 3, 5, 19, 71
List the prime factors of 374746.
2, 187373
What are the prime factors of 551?
19, 29
List the prime factors of 47090.
2, 5, 17, 277
What are the prime factors of 344705?
5, 71, 971
What are the prime factors of 3002133?
3, 19, 31, 1699
List the prime factors of 39272.
2, 4909
What are the prime factors of 189693?
3, 7, 3011
List the prime factors of 989402.
2, 139, 3559
What are the prime factors of 240164?
2, 60041
List the prime factors of 1718827.
11, 156257
What are the prime factors of 254427?
3, 84809
What are the prime factors of 2470375?
5, 19763
List the prime factors of 3678943.
3678943
What are the prime factors of 8444853?
3, 211, 4447
What are the prime factors of 66006?
2, 3, 19, 193
List the prime factors of 205336.
2, 25667
What are the prime factors of 748573?
7, 15277
What are the prime factors of 60377?
173, 349
List the prime factors of 7480629.
3, 13, 17, 3761
What are the prime factors of 19288?
2, 2411
What are the prime factors of 75974?
2, 37987
What are the prime factors of 14695378?
2, 17, 67, 6451
List the prime factors of 4331767.
11, 393797
List the prime factors of 12444394.
2, 6222197
What are the prime factors of 26085?
3, 5, 37, 47
List the prime factors of 70487.
70487
What are the prime factors of 1307688?
2, 3, 23, 103
What are the prime factors of 1553764?
2, 71, 5471
List the prime factors of 277678.
2, 17, 8167
List the prime factors of 107642.
2, 107, 503
List the prime factors of 2443594.
2, 101, 12097
List the prime factors of 3720836.
2, 7, 132887
What are the prime factors of 175267?
175267
List the prime factors of 590591.
229, 2579
List the prime factors of 531470.
2, 5, 53147
List the prime factors of 14909986.
2, 7, 13, 17, 61, 79
List the prime factors of 145696.
2, 29, 157
List the prime factors of 2506257.
3, 13, 31, 691
What are the prime factors of 30957?
3, 17, 607
What are the prime factors of 3812944?
2, 167, 1427
What are the prime factors of 86050?
2, 5, 1721
List the prime factors of 4922360.
2, 5, 123059
List the prime factors of 563299.
11, 41, 1249
List the prime factors of 263282.
2, 131641
List the prime factors of 8455380.
2, 3, 5, 19, 7417
What are the prime factors of 10940942?
2, 47, 239, 487
List the prime factors of 7532642.
2, 13, 289717
List the prime factors of 272497.
269, 1013
What are the prime factors of 2667078?
2, 3, 148171
What are the prime factors of 806131?
317, 2543
List the prime factors of 12098904.
2, 3, 504121
What are the prime factors of 229405?
5, 11, 43, 97
What are the prime factors of 787682?
2, 7, 56263
List the prime factors of 7788063.
3, 2596021
What are the prime factors of 1584042?
2, 3, 264007
List the prime factors of 210489.
3, 70163
List the prime factors of 101445.
3, 5, 6763
List the prime factors of 535068.
2, 3, 89, 167
List the prime factors of 1896862.
2, 11, 151, 571
List the prime factors of 249297.
3, 23, 3613
List the prime factors of 1202099.
1202099
What are the prime factors of 694801?
47, 14783
What are the prime factors of 3091041?
3, 31, 1231
What are the prime factors of 184650?
2, 3, 5, 1231
What are the prime factors of 467521?
23, 20327
List the prime factors of 176334.
2, 3, 29389
List the prime factors of 875187.
3, 47, 2069
List the prime factors of 844300.
2, 5, 8443
List the prime factors of 6565412.
2, 7, 19, 41, 43
List the prime factors of 517650.
2, 3, 5, 7, 17, 29
What are the prime factors of 184128?
2, 3, 7, 137
What are the prime factors of 1347801?
3, 7, 13, 4937
List the prime factors of 816729.
3, 61, 4463
List the prime factors of 172407.
3, 101, 569
List the prime factors of 2369308.
2, 41, 14447
What are the prime factors of 10747127?
523, 20549
List the prime factors of 780529.
47, 16607
List the prime factors of 758258.
2, 271, 1399
What are the prime factors of 300548?
2, 227, 331
What are the prime factors of 2611489?
17, 23, 6679
List the prime factors of 3439015.
5, 17, 40459
What are the prime factors of 11823274?
2, 131, 45127
List the prime factors of 3709868.
2, 43, 21569
List the prime factors of 287173.
287173
What are the prime factors of 579390?
2, 3, 5, 7, 31, 89
What are the prime factors of 15510498?
2, 3, 19, 136057
What are the prime factors of 1070312?
2, 337, 397
What are the prime factors of 2420511?
3, 17, 31, 1531
What are the prime factors of 2256167?
43, 71, 739
What are the prime factors of 162286?
2, 53, 1531
List the prime factors of 3089307.
3, 13, 113, 701
What are the prime factors of 6805661?
17, 23549
What are the prime factors of 29475937?
113, 260849
What are the prime factors of 56905?
5, 19, 599
List the prime factors of 3229494.
2, 3, 538249
What are the prime factors of 15465076?
2, 11, 351479
What are the prime factors of 382691?
37, 10343
List the prime factors of 169137.
3, 18793
List the prime factors of 164052.
2, 3, 7, 31
List the prime factors of 4230355.
5, 263, 3217
List the prime factors of 3784568.
2, 467, 1013
What are the prime factors of 2079405?
3, 5, 73, 211
What are the prime factors of 67166?
2, 11, 43, 71
List the prime factors of 6846296.
2, 855787
What are the prime factors of 3058596?
2, 3, 84961
List the prime factors of 1755891.
3, 65033
What are the prime factors of 285975?
3, 5, 31, 41
List the prime factors of 2397666.
2, 3, 61, 6551
What are the prime factors of 6939?
3, 257
What are the prime factors of 308080?
2, 5, 3851
What are the prime factors of 13556915?
5, 47, 57689
List the prime factors of 244252.
2, 227, 269
W